t are the prime factors of u?
2
Let i = -74997 + 111512. List the prime factors of i.
5, 67, 109
Let x be 9*(-2)/8*(563 + 1). Let l = x - -1832. List the prime factors of l.
563
Suppose 0 = -5*n + t + 32224, -19340 = -3*n + 7*t - 12*t. What are the prime factors of n?
5, 1289
Let x be 4/6 + (-57)/(-9) + -3. Suppose 5*l + 5 = k - 9, -l - x = k. What are the prime factors of 126*(0/(0 + k) + 1)?
2, 3, 7
Let d be 5 + (-156)/30 - (-22)/10. Suppose 3*f + d = 5, 5*z + 4*f - 29 = 0. Suppose -z*y - 135 = -500. List the prime factors of y.
73
Suppose -4*x - 9 = -x. Let r = x - -5. Let j(s) = 10*s**2 + s - 2. List the prime factors of j(r).
2, 5
Let u(a) = 7*a + 22. Let t(d) = -13*d - 7*d + 4 + 17*d. Let m be t(-1). List the prime factors of u(m).
71
Let a = -1254 + 12086. List the prime factors of a.
2, 677
Let y be (32 + -27)*(2 + -1). Suppose 2*v = 2 + 2, -o = -y*v - 1223. Suppose 0*f + o = 9*f. List the prime factors of f.
137
Suppose 9 = -26*d + 23*d. What are the prime factors of ((-26064)/(-96))/(d/(-2))?
181
Let j(d) = -d + 12. Let a be j(7). Suppose a*m + 17 - 64 = -2*u, 0 = 5*u + 2*m - 107. List the prime factors of 56/(-3)*u/(-4).
2, 7
Let s(l) = -l**3 + 29*l**2 - 53*l - 33. Let f be s(27). List the prime factors of ((-22)/f)/(2/276).
2, 11, 23
Suppose -j + 102821 + 9542 = 4*h, h - 3*j = 28094. What are the prime factors of h?
7, 4013
Let q(r) be the second derivative of -r**5/20 - r**4/3 + 3*r**3 - 3*r**2 - r. Let j(g) = -g**3 - 7*g + 41. Let l be j(3). List the prime factors of q(l).
3, 5
Let f(h) = -2*h**3 - 28*h**2 + 9*h + 191. List the prime factors of f(-27).
2, 13, 727
Suppose -5*p = -5*n + 210, -185 = -3*n + p - 67. Suppose -454*j - 4966 = -467*j. Suppose -2*i - j = -4*y, y + 5*i + n = 128. What are the prime factors of y?
5, 19
Let x(q) = 12*q**2 + 33*q - 649. List the prime factors of x(39).
2, 5, 1889
Suppose 98*s = 22*s - 34*s + 8517080. What are the prime factors of s?
2, 13, 1489
Let l(v) = 99*v**3 - 4*v**2 - v - 5. What are the prime factors of l(3)?
11, 239
Suppose v - 18 = -5*v. Suppose 1357 = v*x - 4*y, 4*x - 928 = 4*y + 888. List the prime factors of x.
3, 17
Let b be (-7)/(-1) + (1 - (2 - -1)). Suppose 4*l - 1255 = -b*o, 5*o + 86 = -5*l + 1336. Suppose -o + 87 = -3*v. What are the prime factors of v?
2, 7
Let a = -46 + 48. Suppose a*j + 26 = -34. What are the prime factors of 6/(j/55)*10/(-2)?
5, 11
Let c be (-4)/3*(-234)/(-52). Let l be (0 + c/(-8))*4. Suppose -4*g - 3*n + 1246 = 233, l*n = -15. List the prime factors of g.
257
Let y be ((-6558)/8)/(1 - (-49)/(-28)). Suppose -y = -5*l + 272. What are the prime factors of l?
3, 7, 13
Suppose 0 = 5*j + 3*h + 147, -4*j + 3*h - 95 = 1. Let f = j + 32. Suppose i + 97 = -4*s + f*s, 285 = 3*s + 3*i. List the prime factors of s.
2, 3
Suppose -31*x + 155*x - 1454892 = 0. What are the prime factors of x?
3, 3911
Let o(w) = 18*w**2 - 3 - 18*w + 4 + w**3 + 26*w - 2. What are the prime factors of o(-16)?
383
Let r = 4 + -2. Let i(d) = 10*d**3 - 5*d**2 - 5*d + 14. Let n(l) = -5*l**3 + 2*l**2 + 2*l - 5. Let c(a) = -3*i(a) - 8*n(a). List the prime factors of c(r).
2, 3
Let o = 28 + -22. Suppose -5*p - o = 74. Let w(x) = -x**3 - 17*x**2 - 20*x - 17. What are the prime factors of w(p)?
47
What are the prime factors of (2 - (-1462212)/30) + -12 + (-693)/(-55)?
79, 617
Let z = -371 + 375. Suppose 3*l + 4*k = l + 46, 52 = z*l - 2*k. What are the prime factors of l?
3, 5
Let q = 6289 - 2643. What are the prime factors of q?
2, 1823
Let p(t) = t**2 + 9*t + 11. Let w = 64 - 72. Let b be p(w). Suppose -b*o = -x + 14, -x = 2*x + 3*o - 42. List the prime factors of x.
2, 7
Let n(j) = -387*j - 1537. List the prime factors of n(-36).
5, 37, 67
Let b(j) = j**3 + 8*j**2 + 8*j + 5. Let p be b(-6). Let q(w) = 5*w - 127. Let k be q(14). Let t = p - k. What are the prime factors of t?
2, 43
Let h = 692 + 2355. Suppose -3*w + 4*o + h = 0, 2*w - 3*o - 2*o = 2043. List the prime factors of w.
1009
Suppose -x = 3*l + 6, 0 = -x - 2*l - 3 - 1. Suppose 3*a = 4*a - 5*h + 290, -3*a + 3*h - 822 = x. Let k = a + 430. What are the prime factors of k?
2, 5
Let h(c) = 2*c**2 - 6*c**2 - 3*c + 8*c**3 - 9*c**3. Let r be h(-3). Let l(p) = p**2 + 2*p + 30. List the prime factors of l(r).
2, 3, 5
Suppose -4 - 2 = 6*o. Let j = 1 + o. Suppose 4*i + 2*l = 52, j*i + 2*l = 2*i - 32. List the prime factors of i.
2, 7
Let z = -80447 + 160026. List the prime factors of z.
79579
Suppose 4*b + 6*b - 15400 = 0. Suppose 0 = -4*h + 14*h - b. List the prime factors of h.
2, 7, 11
Let k be ((-2)/4)/(-4 - (-45)/12). Let y(i) = -5*i + 63 + 8*i**k + 3*i - 46 + i**3. List the prime factors of y(-7).
2, 5
Let r = 60424 - 26783. List the prime factors of r.
33641
Suppose 0 = 2*p - 3*i + 1, 5*p - 6*i = -11*i + 60. Let o(t) = 2*t - 10. Let y(b) = b**2 - 2*b + 9. Let l(f) = 3*o(f) + 2*y(f). List the prime factors of l(p).
2, 5
Let f(j) = -j**3 + 9*j**2 - j - 7. Let g be f(9). Let b = g - -18. Suppose -5*k + 25 = 0, -k = -b*w - 2*w + 283. What are the prime factors of w?
2, 3
Let z(a) = 16 - 53*a + 28*a + 23*a. What are the prime factors of z(1)?
2, 7
Suppose 4*k = -2*f + 4620, -4*k - 2*f + 2310 = -2*k. What are the prime factors of k + (5 - 2) + -9 + 6?
3, 5, 7, 11
Let x = -68610 - -98592. What are the prime factors of x?
2, 3, 19, 263
Suppose -67*j - 5450 = 5*o - 64*j, 2*o + 3*j = -2171. Let n = 1911 + o. List the prime factors of n.
2, 409
Suppose 0 = -2*o + 3*o - 3. Suppose b + o - 28 = -5*w, -4*b + 10 = 2*w. Suppose -y = 5*f - 138, -4*y - 7*f + 2*f + 552 = b. List the prime factors of y.
2, 3, 23
Suppose 7*l - 4 = 5*l. Suppose 44 = -5*a - 5*t + 464, -5*a = -l*t - 406. Let s = a - -40. List the prime factors of s.
2, 61
Let z be (-2)/(-10) + (-2047)/(-115). Let i be (z/(-15))/(18/(-1125)). List the prime factors of 590/i*-3*-5.
2, 59
Let k be -1*5 + 2 - (-1 - 19). Let b = 22 - k. Suppose 3*g - 3*s = s + 714, -1185 = -b*g + 5*s. List the prime factors of g.
2, 3, 13
Suppose -578256 - 1082784 = -72*b. List the prime factors of b.
2, 3, 5, 769
Let z(h) = 30*h**2 - 2*h - 6. Let m be z(-3). Suppose -3*o + m = 60. What are the prime factors of o?
2, 5, 7
Suppose -7*f + 250 = -2*f. Let l = 65 - f. Suppose l*v = 13*v + 144. What are the prime factors of v?
2, 3
Let j(o) = 5*o - 15. Let c be -5 - 4/(28/(-147)). What are the prime factors of j(c)?
5, 13
Suppose 0 = 124*z - 2495797 + 94154 + 65855. List the prime factors of z.
3, 7, 13, 23
Let w(l) = 16*l - 97. Let h be w(18). List the prime factors of h*-1*(-3 - (2 + -4)).
191
What are the prime factors of ((-2)/(-4))/(27/2440638)?
45197
Let f(u) = 47 - 10*u - 15 - 6*u**2 - 3*u + 5*u**2. Let b be f(-14). What are the prime factors of (-2)/(-3)*729/b?
3
Let l(i) = i**3 + 4*i**2 - 12*i - 41. Let n be l(-3). Suppose 0 = -5*y - 20, -o + 4*y + 768 = o. Suppose -o = -n*w + 96. List the prime factors of w.
2, 59
Suppose 0 = 21*i - 23*i + 6. Suppose -7*u + 1312 = -i*u. List the prime factors of u.
2, 41
Suppose 117168 + 12932 = 20*p. List the prime factors of p.
5, 1301
Suppose 0 = -5*m + 4*k - 5*k + 270, 0 = -4*m + k + 225. Suppose -37*l + m*l = 4374. What are the prime factors of l?
3
Let k = -30 + 34. Let a be -2 + -1 - 0/(k - -1). What are the prime factors of a - (-752)/12 - (-1)/3?
2, 3, 5
Suppose 0 = -2*k + 3 - 7, -4*g - k = 2. Let b be (-1 - 0) + g - -5. Suppose b*p = 655 - 91. What are the prime factors of p?
3, 47
Let h be -2*1/(-4)*6. Let g = 3835 + -3686. Suppose -d + g = h*f, 5*d + 2*f = 184 + 626. List the prime factors of d.
2, 41
Suppose -5*h + 7*s = -26604 - 14753, -2*s = 2. What are the prime factors of h?
2, 5, 827
Suppose 2*r - f = -125, -2*f - 86 - 48 = 2*r. Let g = 94 + r. Suppose -3*x = s - 23, 0 = 2*s + 2*x - g - 8. What are the prime factors of s?
17
Let s = 1588 + 4635. What are the prime factors of s?
7, 127
Let a(p) = 9*p + 0*p**2 + 5*p**2 + 106 + 7*p**2 - 7*p**2. List the prime factors of a(-16).
2, 3, 23
Suppose -218*s + 43335 = -173*s. What are the prime factors of s?
3, 107
Let m(o) = o**3 + 21*o**2 - 613*o + 86. What are the prime factors of m(-35)?
4391
Suppose -7*z = -4*z - 102. Suppose -z - 2 = -3*c. Suppose 24*t + c = 26*t. What are the prime factors of t?
2, 3
Let b(y) be the third derivative of -y**7/504 - y**6/720 - 2*y**5/15 - y**2. Let h(q) be the third derivative of 